-51 + -1?
-52
In base 4, what is -101 + -201?
-302
In base 12, what is -879 - 4?
-881
In base 9, what is -61 + 112?
41
In base 5, what is -21 - -31?
10
In base 11, what is 33 + -2?
31
In base 12, what is 60b - 2?
609
In base 4, what is 1 - 30130?
-30123
In base 13, what is 2 - 35?
-33
In base 11, what is -6a + 3?
-67
In base 12, what is 0 - 28a?
-28a
In base 11, what is -3425 + -4?
-3429
In base 8, what is -5 - 647?
-654
In base 14, what is -2b8 - 0?
-2b8
In base 6, what is -312 - -110?
-202
In base 6, what is 2 - 34111?
-34105
In base 3, what is -11 - -20211?
20200
In base 6, what is -4232 - -5?
-4223
In base 16, what is 4e9a - -2?
4e9c
In base 9, what is 21 - -1125?
1146
In base 3, what is -11 - -2200201?
2200120
In base 14, what is -3 + -562?
-565
In base 8, what is -22 + 36?
14
In base 6, what is -24 - 1343?
-1411
In base 8, what is -37 - -326?
267
In base 4, what is 112 + -20?
32
In base 8, what is -2 - -234?
232
In base 16, what is ba + -1b?
9f
In base 13, what is 1b + -12?
9
In base 4, what is -202 + 2310?
2102
In base 6, what is 30155 - -5?
30204
In base 3, what is -1102 + 200?
-202
In base 9, what is -546 + -8?
-555
In base 12, what is 5 + 2b?
34
In base 13, what is 4 - 232?
-22b
In base 3, what is -1001000 + -10?
-1001010
In base 15, what is -a7 - 4?
-ab
In base 4, what is -3003032 - 11?
-3003103
In base 11, what is -4 + 289?
285
In base 4, what is -1221 - 2?
-1223
In base 14, what is 35 + 17?
4c
In base 11, what is -17 + 46?
2a
In base 9, what is -5 - -373?
367
In base 5, what is -2 + -11232?
-11234
In base 16, what is -a8c - 1?
-a8d
In base 11, what is -304 + 7?
-2a8
In base 11, what is 465 + -5?
460
In base 11, what is -40 + 1?
-3a
In base 8, what is -16 + 23?
5
In base 7, what is -2 + 20232?
20230
In base 2, what is 1 - 1100100?
-1100011
In base 8, what is -3 - -133?
130
In base 6, what is 335 + 2?
341
In base 4, what is -3 + 10?
1
In base 9, what is 3 - -37?
41
In base 13, what is -8 + -c?
-17
In base 15, what is 1 + -9?
-8
In base 11, what is -5 + 47?
42
In base 7, what is -4 - 44?
-51
In base 4, what is -3 + -12330?
-12333
In base 4, what is -2 - -2320?
2312
In base 13, what is 12 + -372?
-360
In base 2, what is -11110 - -1010110?
111000
In base 4, what is 3 - 1001?
-332
In base 12, what is -111 - 0?
-111
In base 11, what is 6 + -138?
-132
In base 14, what is -6 - 1a?
-22
In base 3, what is 2 - 10211021?
-10211012
In base 16, what is 86 + 5?
8b
In base 13, what is -1192 + -3?
-1195
In base 2, what is 111110001 - 101?
111101100
In base 12, what is 39 - 4?
35
In base 13, what is 3 - -1273?
1276
In base 7, what is 11 + 1312?
1323
In base 4, what is 22300 - 0?
22300
In base 6, what is 5 + -4305?
-4300
In base 12, what is -26 - 60?
-86
In base 12, what is 1686 + -1?
1685
In base 9, what is 0 - 88?
-88
In base 5, what is -1 - 220113?
-220114
In base 6, what is -5 + 3?
-2
In base 3, what is 11 + 11002?
11020
In base 10, what is -2 + -24?
-26
In base 12, what is -289b + -3?
-28a2
In base 6, what is 23243 + 4?
23251
In base 6, what is 1130 + 15?
1145
In base 14, what is 29c9 - -1?
29ca
In base 8, what is -15677 + 5?
-15672
In base 7, what is 2 - -1343?
1345
In base 12, what is 6 - -55?
5b
In base 2, what is -110011 + -1?
-110100
In base 6, what is 1 - -2214?
2215
In base 12, what is -7 - -440?
435
In base 15, what is 46 + 8?
4e
In base 10, what is 1 - 26?
-25
In base 5, what is 342 - 30?
312
In base 12, what is -8 - -45?
39
In base 15, what is -b - 1?
-c
In base 13, what is -22 + 225?
203
In base 13, what is 1 - 66?
-65
In base 15, what is 2 - -27?
29
In base 7, what is -2 + 662?
660
In base 9, what is -18 - 15?
-34
In base 12, what is 199 + 9?
1a6
In base 4, what is -3 - 330?
-333
In base 11, what is 24 - 7?
18
In base 16, what is -3 - -d9a?
d97
In base 13, what is 18 - -b?
26
In base 14, what is a + 33d?
349
In base 9, what is -142 + 0?
-142
In base 12, what is 5 - 92?
-89
In base 5, what is 4322 - 4?
4313
In base 6, what is 241 + 112?
353
In base 4, what is -1220 - 233?
-2113
In base 15, what is 3 + 4c?
50
In base 5, what is 1301 + 42?
1343
In base 15, what is 31c - 0?
31c
In base 11, what is -7 - -26?
1a
In base 6, what is -50 + 2?
-44
In base 14, what is -75 + 3?
-72
In base 10, what is -10700 + 2?
-10698
In base 10, what is 0 + 3?
3
In base 13, what is 4 + 66?
6a
In base 5, what is 203 - -222?
430
In base 7, what is -1342 - 3?
-1345
In base 3, what is 1 + 2120?
2121
In base 7, what is -2 + 100?
65
In base 15, what is 3 - 2d?
-2a
In base 3, what is 1000202 + -2?
1000200
In base 10, what is -4 - 218?
-222
In base 12, what is 17 + -618?
-601
In base 12, what is 6 - 4b6?
-4b0
In base 14, what is -254 - -2?
-252
In base 16, what is -5 + 12f?
12a
In base 9, what is 16114 + -5?
16108
In base 13, what is 5 - -183?
188
In base 14, what is -1a3 + -6?
-1a9
In base 2, what is -1100000 + -1101110?
-11001110
In base 3, what is -1 + 122001?
122000
In base 3, what is -1012022 - -10?
-1012012
In base 6, what is -2 + -3?
-5
In base 16, what is -8a + 2?
-88
In base 3, what is -10 + 10212?
10202
In base 5, what is 14 + 304?
323
In base 14, what is 5 - -4?
9
In base 14, what is 24a + 6?
252
In base 10, what is 99 + 8?
107
In base 11, what is 4 - 417?
-413
In base 10, what is -674 + -17?
-691
In base 6, what is 201 - -1?
202
In base 5, what is -2 + 220?
213
In base 9, what is 425 + 2?
427
In base 6, what is 43 - -104?
151
In base 13, what is 66 + 4?
6a
In base 12, what is 4 - -51?
55
In base 13, what is 8 - -3?
b
In base 13, what is 14 + 16b?
182
In base 5, what is -11 - -402?
341
In base 2, what is -1000 - -11001000000?
11000111000
In base 10, what is 0 - 32?
-32
In base 8, what is -342 - 4?
-346
In base 2, what is 11100000011 + 0?
11100000011
In base 6, what is 231234 + -2?
231232
In base 2, what is 1010000100 - -110?
1010001010
In base 11, what is 4 + 39?
42
In base 4, what is -20 + 200120?
200100
In base 11, what is 820 - -3?
823
In base 7, what is -4 + -1036?
-1043
In base 5, what is -1020 - -12?
-1003
In base 11, what is -1a97 - 5?
-1aa1
In base 6, what is 404 - -12?
420
In base 14, what is -51 + 2?
-4d
In base 16, what is 65 + 2?
67
In base 7, what is 204 - 0?
204
In base 3, what is 211 + 0?
211
In base 11, what is 8 - 119?
-111
In base 2, what is -1100 - -111011?
101111
In base 12, what is 4001 + -2?
3bbb
In base 4, what is -130 - -2233?
2103
In base 9, what is 0 - 207?
-207
In base 5, what is 20122 + -2?
20120
In base 9, what is -161 + 5?
-155
In base 6, what is 2232 + -104?
2124
In base 7, what is -4 - 106?
-113
In base 10, what is 1 - 90?
-89
In base 3, what is -1011102 - -12?
-1011020
In base 10, what is -3008 - 2?
-3010
In base 16, what is 146 + -5?
141
In base 16, what is 0 - b70?
-b70
In base 8, what is -2 + -10337?
-10341
In base 12, what is -782 - 3?
-785
In base 5, what is 23400 + 10?
23410
In base 3, what is -1020111201 - -12?
-1020111112
In base 13, what is -30c3 + 0?
-30c3
In base 13, what is 535 - 8?
52a
In base 14, what is 6 - -28?
30
In base 7, what is 0 + 1110?
1110
In base 4, what is 101 - 2?
33
In base 2, what is 1000011101 - -101?
1000100010
In base 3, what is 10 - 202101?
-202021
In base 8, what is 1 - 734?
-733
In base 10, what is -36 + 2?
-34
In base 6, what is 200 - 3?
153
In base 10, what is 1 - 10?
-9
In base 7, what is 1 - 11341?
-11340
In base 10, what is -13 - -1?
-12
In base 2, what is -10110 - -1101011?
1010101
In base 10, what is 201 - 9?
192
In base 16, what is -1 - -163?
162
In base 9, what is -347 + 3?
-344
In base 12, what is -a475 + -3?
-a478
In base 10, what is 3 + -1755?
-1752
In base 8, what is 1050 - -2?
1052
In base 14, what is 28a - 3?
287
In base 4, what is 1021 - -23?
1110
In base 15, what is -25 - 4?
-29
In base 6, what is 12 - -50?
102
In base 13, what is 127 + 5?
12c
In base 11, what is -4 - -a77?
a73
In base 13, what is 2a - 1?
29
In base 10, what is -4 + -4919?
-4923
In base 12, what is 5 + 2516?
251b
In base 9, what is 3 - -85?
88
In base 8, what is 64 - -1?
65
In base 9, what is -5 - 12?
-17
In base 12, what is 15 - -294?
2a9
In base 9, what is -25 - -76?
51
In base 14, what is -26 - -b?
-19
In base 3, what is -11111 + 0?
-11111
In base 3, what is 22202 - -2?
22211
In base 16, what is -1c + b?
-11
In base 8, what is -3 + 11?
6
In base 2, what is 1100110 - 11?
1100011
In base 8, what is 2